{"id":17,"date":"2024-02-12T12:55:54","date_gmt":"2024-02-12T11:55:54","guid":{"rendered":"https:\/\/novalgos.com\/?page_id=17"},"modified":"2024-10-19T11:15:13","modified_gmt":"2024-10-19T09:15:13","slug":"accueil","status":"publish","type":"page","link":"https:\/\/novalgos.com\/","title":{"rendered":"Accueil"},"content":{"rendered":"<div class=\"wp-block-cover alignfull is-light\" style=\"min-height:720px;aspect-ratio:unset;\"><span aria-hidden=\"true\" class=\"wp-block-cover__background has-background-dim-100 has-background-dim has-background-gradient\" style=\"background:linear-gradient(35deg,rgb(6,0,151) 0%,rgb(130,4,255) 73%,rgb(193,15,255) 100%)\"><\/span><div class=\"wp-block-cover__inner-container is-layout-flow wp-block-cover-is-layout-flow\"><div class=\"inherit-container-width wp-block-group alignwide is-layout-constrained wp-block-group-is-layout-constrained\"><div class=\"wp-block-media-text alignwide has-media-on-the-right is-stacked-on-mobile is-vertically-aligned-center\" style=\"grid-template-columns:auto 43%\"><div class=\"wp-block-media-text__content\"><h1 class=\"wp-block-heading has-text-align-left has-white-color has-text-color\">Transformez vos id\u00e9es en succ\u00e8s num\u00e9riques!<\/h1>\n\n<p>Votre id\u00e9e m\u00e9rite d&rsquo;\u00eatre r\u00e9alis\u00e9e !<\/p>\n\n<p>Chaque grande r\u00e9alisation commence par une id\u00e9e. Chez Novalgos, nous transformons vos r\u00eaves num\u00e9riques en r\u00e9alit\u00e9. Sp\u00e9cialis\u00e9s dans le conseil et le d\u00e9veloppement d&rsquo;application, nous renfor\u00e7ons votre entreprise avec des solutions sur mesure con\u00e7ues pour r\u00e9pondre \u00e0 vos besoins sp\u00e9cifiques. Pr\u00eat \u00e0 concr\u00e9tiser votre projet ? Faisons-le ensemble !<\/p>\n\n<div class=\"wp-block-buttons is-layout-flex wp-block-buttons-is-layout-flex\"><div class=\"wp-block-button\"><a class=\"wp-block-button__link wp-element-button\" href=\"https:\/\/calendly.com\/novalgosoftware\/30min\" target=\"_blank\" rel=\"noreferrer noopener\">Lancez votre projet d\u00e8s aujourd&rsquo;hui<\/a><\/div><\/div><\/div><figure class=\"wp-block-media-text__media\"><img decoding=\"async\" src=\"https:\/\/novalgos.com\/wp-content\/themes\/astra\/inc\/assets\/images\/starter-content\/hero-img.svg\" alt=\"\" class=\"wp-image-118 size-full\"\/><\/figure><\/div><\/div><\/div><\/div><div class=\"wp-block-group alignfull is-layout-constrained wp-container-core-group-is-layout-45b0ac4f wp-block-group-is-layout-constrained\" id=\"produits\" style=\"padding-top:144px;padding-bottom:0px\"><h2 class=\"wp-block-heading has-text-align-left\">Nos produits<\/h2>\n\n<div class=\"wp-block-group is-nowrap is-layout-flex wp-container-core-group-is-layout-6c531013 wp-block-group-is-layout-flex\"><div class=\"wp-block-columns is-not-stacked-on-mobile is-layout-flex wp-container-core-columns-is-layout-60cbf9bb wp-block-columns-is-layout-flex\" style=\"margin-top:50px\"><div class=\"wp-block-column is-layout-flow wp-block-column-is-layout-flow\"><div class=\"wp-block-media-text is-stacked-on-mobile\" id=\"produits\"><figure class=\"wp-block-media-text__media\"><img loading=\"lazy\" decoding=\"async\" width=\"512\" height=\"512\" src=\"https:\/\/novalgos.com\/wp-content\/uploads\/2024\/10\/u3139838328_512-2.png\" alt=\"\" class=\"wp-image-79 size-full\" srcset=\"https:\/\/novalgos.com\/wp-content\/uploads\/2024\/10\/u3139838328_512-2.png 512w, https:\/\/novalgos.com\/wp-content\/uploads\/2024\/10\/u3139838328_512-2-300x300.png 300w, https:\/\/novalgos.com\/wp-content\/uploads\/2024\/10\/u3139838328_512-2-150x150.png 150w, https:\/\/novalgos.com\/wp-content\/uploads\/2024\/10\/u3139838328_512-2-100x100.png 100w\" sizes=\"auto, (max-width: 512px) 100vw, 512px\" \/><\/figure><div class=\"wp-block-media-text__content\"><h2 class=\"wp-block-heading\">NimblEat<\/h2>\n\n<p> R\u00e9volutionnez votre service de restauration avec notre solution e-commerce innovante, sp\u00e9cialement con\u00e7ue pour faciliter la prise de commande en ligne. Offrez \u00e0 vos clients une exp\u00e9rience utilisateur fluide et rapide, augmentez votre efficacit\u00e9 et boostez vos ventes.<\/p>\n\n<div class=\"wp-block-buttons is-layout-flex wp-block-buttons-is-layout-flex\"><div class=\"wp-block-button has-custom-width wp-block-button__width-100 is-style-outline is-style-outline--1\"><a class=\"wp-block-button__link wp-element-button\" href=\"\/index.php\/liberez-votre-potentiel-avec-nimbleat\/\">Je veux en savoir plus<\/a><\/div><\/div><\/div><\/div><\/div><\/div><\/div><\/div><div class=\"wp-block-group alignfull is-layout-constrained wp-container-core-group-is-layout-45b0ac4f wp-block-group-is-layout-constrained\" id=\"services\" style=\"padding-top:144px;padding-bottom:0px\"><h2 class=\"wp-block-heading\">Nos services<\/h2>\n\n<div class=\"wp-block-columns is-layout-flex wp-container-core-columns-is-layout-60cbf9bb wp-block-columns-is-layout-flex\" style=\"margin-top:50px\"><div class=\"wp-block-column is-layout-flow wp-container-core-column-is-layout-6b73ce23 wp-block-column-is-layout-flow\"><figure class=\"wp-block-gallery has-nested-images columns-default is-cropped wp-block-gallery-3 is-layout-flex wp-block-gallery-is-layout-flex\"><figure class=\"wp-block-image size-full\"><img loading=\"lazy\" decoding=\"async\" width=\"1024\" height=\"1024\" data-id=\"69\" src=\"https:\/\/novalgos.com\/wp-content\/uploads\/2024\/10\/u3139838328_une_icon_pour_un_site_web__Consulting_dans_le_dom_1956704d-1442-4a8b-8612-11d8fcfc4369_0.png\" alt=\"\" class=\"wp-image-69\" srcset=\"https:\/\/novalgos.com\/wp-content\/uploads\/2024\/10\/u3139838328_une_icon_pour_un_site_web__Consulting_dans_le_dom_1956704d-1442-4a8b-8612-11d8fcfc4369_0.png 1024w, https:\/\/novalgos.com\/wp-content\/uploads\/2024\/10\/u3139838328_une_icon_pour_un_site_web__Consulting_dans_le_dom_1956704d-1442-4a8b-8612-11d8fcfc4369_0-300x300.png 300w, https:\/\/novalgos.com\/wp-content\/uploads\/2024\/10\/u3139838328_une_icon_pour_un_site_web__Consulting_dans_le_dom_1956704d-1442-4a8b-8612-11d8fcfc4369_0-150x150.png 150w, https:\/\/novalgos.com\/wp-content\/uploads\/2024\/10\/u3139838328_une_icon_pour_un_site_web__Consulting_dans_le_dom_1956704d-1442-4a8b-8612-11d8fcfc4369_0-768x768.png 768w, https:\/\/novalgos.com\/wp-content\/uploads\/2024\/10\/u3139838328_une_icon_pour_un_site_web__Consulting_dans_le_dom_1956704d-1442-4a8b-8612-11d8fcfc4369_0-600x600.png 600w, https:\/\/novalgos.com\/wp-content\/uploads\/2024\/10\/u3139838328_une_icon_pour_un_site_web__Consulting_dans_le_dom_1956704d-1442-4a8b-8612-11d8fcfc4369_0-100x100.png 100w\" sizes=\"auto, (max-width: 1024px) 100vw, 1024px\" \/><\/figure><\/figure>\n\n<h3 class=\"wp-block-heading\" style=\"margin-top:16px\"><strong>Consulting strat\u00e9gique<\/strong><\/h3>\n\n<p>Avec une expertise approfondie en strat\u00e9gies digitales, nous vous accompagnons dans la d\u00e9finition et la mise en \u0153uvre de vos objectifs d&rsquo;affaires, garantissant un impact significatif sur votre croissance.<\/p>\n\n<div class=\"wp-block-buttons is-layout-flex wp-block-buttons-is-layout-flex\"><div class=\"wp-block-button\"><a class=\"wp-block-button__link wp-element-button\" href=\"#contact\">Contactez nous<\/a><\/div><\/div><\/div>\n\n<div class=\"wp-block-column is-layout-flow wp-container-core-column-is-layout-6b73ce23 wp-block-column-is-layout-flow\"><figure class=\"wp-block-image size-full\"><img loading=\"lazy\" decoding=\"async\" width=\"1024\" height=\"1024\" src=\"https:\/\/novalgos.com\/wp-content\/uploads\/2024\/10\/u3139838328_icon_develoippment_web_-v_6.1_98a596ce-9a40-4c85-a20e-14bff7a7723d_1.png\" alt=\"\" class=\"wp-image-70\" srcset=\"https:\/\/novalgos.com\/wp-content\/uploads\/2024\/10\/u3139838328_icon_develoippment_web_-v_6.1_98a596ce-9a40-4c85-a20e-14bff7a7723d_1.png 1024w, https:\/\/novalgos.com\/wp-content\/uploads\/2024\/10\/u3139838328_icon_develoippment_web_-v_6.1_98a596ce-9a40-4c85-a20e-14bff7a7723d_1-300x300.png 300w, https:\/\/novalgos.com\/wp-content\/uploads\/2024\/10\/u3139838328_icon_develoippment_web_-v_6.1_98a596ce-9a40-4c85-a20e-14bff7a7723d_1-150x150.png 150w, https:\/\/novalgos.com\/wp-content\/uploads\/2024\/10\/u3139838328_icon_develoippment_web_-v_6.1_98a596ce-9a40-4c85-a20e-14bff7a7723d_1-768x768.png 768w, https:\/\/novalgos.com\/wp-content\/uploads\/2024\/10\/u3139838328_icon_develoippment_web_-v_6.1_98a596ce-9a40-4c85-a20e-14bff7a7723d_1-600x600.png 600w, https:\/\/novalgos.com\/wp-content\/uploads\/2024\/10\/u3139838328_icon_develoippment_web_-v_6.1_98a596ce-9a40-4c85-a20e-14bff7a7723d_1-100x100.png 100w\" sizes=\"auto, (max-width: 1024px) 100vw, 1024px\" \/><\/figure>\n\n<h3 class=\"wp-block-heading\" style=\"margin-top:16px\"><strong>D\u00e9veloppement d&rsquo;applications personnalis\u00e9es<\/strong><\/h3>\n\n<p>Nous d\u00e9veloppons des applications sur mesure qui int\u00e8grent les fonctionnalit\u00e9s sp\u00e9cifiques n\u00e9cessaires \u00e0 votre activit\u00e9, assurant une r\u00e9ponse efficace aux d\u00e9fis uniques de votre secteur.<\/p>\n\n<div class=\"wp-block-buttons is-layout-flex wp-block-buttons-is-layout-flex\"><div class=\"wp-block-button\"><a class=\"wp-block-button__link wp-element-button\" href=\"#contact\">Contactez nous<\/a><\/div><\/div><\/div><\/div><\/div><div class=\"wp-block-group alignfull has-ast-global-color-5-background-color has-background is-layout-constrained wp-container-core-group-is-layout-94d206d0 wp-block-group-is-layout-constrained\" id=\"about\" style=\"padding-top:143px;padding-bottom:144px\"><div class=\"wp-block-media-text has-media-on-the-right is-stacked-on-mobile is-vertically-aligned-center\"><div class=\"wp-block-media-text__content\"><div class=\"inherit-container-width wp-block-group is-layout-constrained wp-container-core-group-is-layout-47ce07ec wp-block-group-is-layout-constrained\" style=\"padding-right:80px\"><h2 class=\"wp-block-heading\" style=\"padding-right:40px\">\u00c0 propos de Nous<\/h2>\n\n<p>Nous aidons les \u00e9quipes \u00e0 construire l&rsquo;entreprise de leurs r\u00eaves.<\/p>\n\n<p>Notre mission est de vous accompagner \u00e0 chaque \u00e9tape du d\u00e9veloppement de votre projet. Avec notre expertise en conseil et en solutions personnalis\u00e9es, nous transformons vos id\u00e9es en r\u00e9alit\u00e9s tangibles et r\u00e9ussies.<\/p><\/div><\/div><figure class=\"wp-block-media-text__media\"><img decoding=\"async\" src=\"https:\/\/novalgos.com\/wp-content\/themes\/astra\/inc\/assets\/images\/starter-content\/about-us.jpg\" alt=\"\" class=\"wp-image-237 size-full\"\/><\/figure><\/div><\/div><div class=\"wp-block-group alignfull has-ast-global-color-4-background-color has-background is-layout-constrained wp-container-core-group-is-layout-6a2cfb7b wp-block-group-is-layout-constrained\" id=\"reviews\"><figure class=\"wp-block-image aligncenter size-full\"><img decoding=\"async\" src=\"https:\/\/novalgos.com\/wp-content\/themes\/astra\/inc\/assets\/images\/starter-content\/avatar.png\" alt=\"\" class=\"wp-image-235\"\/><\/figure>\n\n<p class=\"has-text-align-center\" style=\"font-size:22px;line-height:1.6\">\u201cThe best part is that Astra comes with hundreds of professionally designed templates for just about every industry, makes it super easy for non-techy users to build a website.\u201d<\/p>\n\n<p class=\"has-text-align-center\"><strong>Wade Warren<\/strong><\/p><\/div><div class=\"wp-block-group alignfull is-layout-constrained wp-container-core-group-is-layout-3fee123f wp-block-group-is-layout-constrained\" id=\"whyus\" style=\"padding-top:144px;padding-bottom:144px\"><h2 class=\"wp-block-heading\">Pourquoi nous choisir<\/h2>\n\n<div class=\"wp-block-columns is-layout-flex wp-container-core-columns-is-layout-29aadeec wp-block-columns-is-layout-flex\" style=\"margin-top:60px\"><div class=\"wp-block-column is-layout-flow wp-container-core-column-is-layout-6b73ce23 wp-block-column-is-layout-flow\"><figure class=\"wp-block-image size-large\"><img decoding=\"async\" src=\"https:\/\/novalgos.com\/wp-content\/themes\/astra\/inc\/assets\/images\/starter-content\/passionate.svg\" alt=\"\" class=\"wp-image-162\"\/><\/figure>\n\n<h3 class=\"wp-block-heading\" style=\"margin-top:16px\"><strong>Passionn\u00e9s<\/strong><\/h3>\n\n<p>Nous sommes anim\u00e9s par une passion pour l&rsquo;innovation et le succ\u00e8s dans tous les domaines du num\u00e9rique.<\/p><\/div>\n\n<div class=\"wp-block-column is-layout-flow wp-container-core-column-is-layout-6b73ce23 wp-block-column-is-layout-flow\"><figure class=\"wp-block-image size-large\"><img decoding=\"async\" src=\"https:\/\/novalgos.com\/wp-content\/themes\/astra\/inc\/assets\/images\/starter-content\/professional.svg\" alt=\"\" class=\"wp-image-163\"\/><\/figure>\n\n<h3 class=\"wp-block-heading\" style=\"margin-top:16px\"><strong>Professionnels<\/strong><\/h3>\n\n<p>Notre \u00e9quipe est compos\u00e9e d&rsquo;experts d\u00e9di\u00e9s \u00e0 fournir une qualit\u00e9 professionnelle.<\/p><\/div>\n\n<div class=\"wp-block-column is-layout-flow wp-container-core-column-is-layout-6b73ce23 wp-block-column-is-layout-flow\"><figure class=\"wp-block-image size-large\"><img decoding=\"async\" src=\"https:\/\/novalgos.com\/wp-content\/themes\/astra\/inc\/assets\/images\/starter-content\/support.svg\" alt=\"\" class=\"wp-image-164\"\/><\/figure>\n\n<h3 class=\"wp-block-heading\" style=\"margin-top:16px\">Support<\/h3>\n\n<p>Nous accompagnons nos clients \u00e0 chaque \u00e9tape du chemin, assurant un parcours num\u00e9rique fluide.<\/p><\/div><\/div><\/div><div class=\"wp-block-group alignfull has-background is-layout-constrained wp-container-core-group-is-layout-cfcca693 wp-block-group-is-layout-constrained\" id=\"contact\" style=\"background:linear-gradient(35deg,rgb(6,0,151) 0%,rgb(130,4,255) 64%,rgb(193,15,255) 98%);padding-top:104px;padding-bottom:104px\"><h2 class=\"wp-block-heading has-text-align-center has-text-color\" style=\"color:#ffffff\">Travaillons ensemble<\/h2>\n\n<div class=\"wp-block-buttons alignwide is-horizontal is-content-justification-center is-layout-flex wp-container-core-buttons-is-layout-bba8380a wp-block-buttons-is-layout-flex\" style=\"margin-top:50px\"><div class=\"wp-block-button\" id=\"Contact-novalgos\"><a class=\"wp-block-button__link wp-element-button\" href=\"https:\/\/novalgos.com\/?page_id=2\" target=\"_blank\" rel=\"noopener\">Contactez-nous<\/a><\/div><\/div><\/div>","protected":false},"excerpt":{"rendered":"<p>Nos produits NimblEat R\u00e9volutionnez votre service de restauration avec notre solution e-commerce innovante, sp\u00e9cialement con\u00e7ue pour faciliter la prise de [&hellip;]<\/p>\n","protected":false},"author":1,"featured_media":0,"parent":2,"menu_order":0,"comment_status":"closed","ping_status":"closed","template":"","meta":{"_uag_custom_page_level_css":"","site-sidebar-layout":"no-sidebar","site-content-layout":"plain-container","ast-site-content-layout":"","site-content-style":"default","site-sidebar-style":"default","ast-global-header-display":"","ast-banner-title-visibility":"","ast-main-header-display":"","ast-hfb-above-header-display":"","ast-hfb-below-header-display":"","ast-hfb-mobile-header-display":"","site-post-title":"disabled","ast-breadcrumbs-content":"","ast-featured-img":"","footer-sml-layout":"","theme-transparent-header-meta":"enabled","adv-header-id-meta":"","stick-header-meta":"","header-above-stick-meta":"","header-main-stick-meta":"","header-below-stick-meta":"","astra-migrate-meta-layouts":"default","ast-page-background-enabled":"default","ast-page-background-meta":{"desktop":{"background-color":"var(--ast-global-color-4)","background-image":"","background-repeat":"repeat","background-position":"center center","background-size":"auto","background-attachment":"scroll","background-type":"","background-media":"","overlay-type":"","overlay-color":"","overlay-gradient":""},"tablet":{"background-color":"","background-image":"","background-repeat":"repeat","background-position":"center center","background-size":"auto","background-attachment":"scroll","background-type":"","background-media":"","overlay-type":"","overlay-color":"","overlay-gradient":""},"mobile":{"background-color":"","background-image":"","background-repeat":"repeat","background-position":"center center","background-size":"auto","background-attachment":"scroll","background-type":"","background-media":"","overlay-type":"","overlay-color":"","overlay-gradient":""}},"ast-content-background-meta":{"desktop":{"background-color":"var(--ast-global-color-5)","background-image":"","background-repeat":"repeat","background-position":"center center","background-size":"auto","background-attachment":"scroll","background-type":"","background-media":"","overlay-type":"","overlay-color":"","overlay-gradient":""},"tablet":{"background-color":"var(--ast-global-color-5)","background-image":"","background-repeat":"repeat","background-position":"center center","background-size":"auto","background-attachment":"scroll","background-type":"","background-media":"","overlay-type":"","overlay-color":"","overlay-gradient":""},"mobile":{"background-color":"var(--ast-global-color-5)","background-image":"","background-repeat":"repeat","background-position":"center center","background-size":"auto","background-attachment":"scroll","background-type":"","background-media":"","overlay-type":"","overlay-color":"","overlay-gradient":""}},"footnotes":""},"class_list":["post-17","page","type-page","status-publish","hentry"],"yoast_head":"<!-- This site is optimized with the Yoast SEO plugin v23.6 - https:\/\/yoast.com\/wordpress\/plugins\/seo\/ -->\n<title>Accueil - NovalgoServices<\/title>\n<meta name=\"description\" content=\"D\u00e9couvrez les solutions innovantes de Novlagos, sp\u00e9cialiste en d\u00e9veloppement d&#039;applications sur mesure et consulting strat\u00e9gique. Explorez notre plateforme e-commerce con\u00e7ue sp\u00e9cialement pour les fast-foods. Boostez votre efficacit\u00e9 op\u00e9rationnelle et am\u00e9liorez l&#039;exp\u00e9rience de vos clients avec nos services personnalis\u00e9s.\" \/>\n<meta name=\"robots\" content=\"index, follow, max-snippet:-1, max-image-preview:large, max-video-preview:-1\" \/>\n<link rel=\"canonical\" href=\"https:\/\/novalgos.com\/\" \/>\n<meta property=\"og:locale\" content=\"fr_FR\" \/>\n<meta property=\"og:type\" content=\"article\" \/>\n<meta property=\"og:title\" content=\"Accueil - NovalgoServices\" \/>\n<meta property=\"og:description\" content=\"D\u00e9couvrez les solutions innovantes de Novlagos, sp\u00e9cialiste en d\u00e9veloppement d&#039;applications sur mesure et consulting strat\u00e9gique. Explorez notre plateforme e-commerce con\u00e7ue sp\u00e9cialement pour les fast-foods. Boostez votre efficacit\u00e9 op\u00e9rationnelle et am\u00e9liorez l&#039;exp\u00e9rience de vos clients avec nos services personnalis\u00e9s.\" \/>\n<meta property=\"og:url\" content=\"https:\/\/novalgos.com\/\" \/>\n<meta property=\"og:site_name\" content=\"NovalgoServices\" \/>\n<meta property=\"article:modified_time\" content=\"2024-10-19T09:15:13+00:00\" \/>\n<meta name=\"twitter:card\" content=\"summary_large_image\" \/>\n<meta name=\"twitter:label1\" content=\"Dur\u00e9e de lecture estim\u00e9e\" \/>\n\t<meta name=\"twitter:data1\" content=\"4 minutes\" \/>\n<script type=\"application\/ld+json\" class=\"yoast-schema-graph\">{\"@context\":\"https:\/\/schema.org\",\"@graph\":[{\"@type\":\"WebPage\",\"@id\":\"https:\/\/novalgos.com\/\",\"url\":\"https:\/\/novalgos.com\/\",\"name\":\"Accueil - NovalgoServices\",\"isPartOf\":{\"@id\":\"https:\/\/novalgos.com\/#website\"},\"primaryImageOfPage\":{\"@id\":\"https:\/\/novalgos.com\/#primaryimage\"},\"image\":{\"@id\":\"https:\/\/novalgos.com\/#primaryimage\"},\"thumbnailUrl\":\"https:\/\/novalgos.com\/wp-content\/themes\/astra\/inc\/assets\/images\/starter-content\/hero-img.svg\",\"datePublished\":\"2024-02-12T11:55:54+00:00\",\"dateModified\":\"2024-10-19T09:15:13+00:00\",\"description\":\"D\u00e9couvrez les solutions innovantes de Novlagos, sp\u00e9cialiste en d\u00e9veloppement d'applications sur mesure et consulting strat\u00e9gique. Explorez notre plateforme e-commerce con\u00e7ue sp\u00e9cialement pour les fast-foods. Boostez votre efficacit\u00e9 op\u00e9rationnelle et am\u00e9liorez l'exp\u00e9rience de vos clients avec nos services personnalis\u00e9s.\",\"breadcrumb\":{\"@id\":\"https:\/\/novalgos.com\/#breadcrumb\"},\"inLanguage\":\"fr-FR\",\"potentialAction\":[{\"@type\":\"ReadAction\",\"target\":[\"https:\/\/novalgos.com\/\"]}]},{\"@type\":\"ImageObject\",\"inLanguage\":\"fr-FR\",\"@id\":\"https:\/\/novalgos.com\/#primaryimage\",\"url\":\"\",\"contentUrl\":\"\"},{\"@type\":\"BreadcrumbList\",\"@id\":\"https:\/\/novalgos.com\/#breadcrumb\",\"itemListElement\":[{\"@type\":\"ListItem\",\"position\":1,\"name\":\"Home\",\"item\":\"https:\/\/novalgos.com\/\"},{\"@type\":\"ListItem\",\"position\":2,\"name\":\"Contactez nous\",\"item\":\"https:\/\/novalgos.com\/index.php\/contact\/\"},{\"@type\":\"ListItem\",\"position\":3,\"name\":\"Accueil\"}]},{\"@type\":\"WebSite\",\"@id\":\"https:\/\/novalgos.com\/#website\",\"url\":\"https:\/\/novalgos.com\/\",\"name\":\"NovalgoServices\",\"description\":\"C&#039;est l&#039;originalit\u00e9 qui fait la diff\u00e9rence\",\"potentialAction\":[{\"@type\":\"SearchAction\",\"target\":{\"@type\":\"EntryPoint\",\"urlTemplate\":\"https:\/\/novalgos.com\/?s={search_term_string}\"},\"query-input\":{\"@type\":\"PropertyValueSpecification\",\"valueRequired\":true,\"valueName\":\"search_term_string\"}}],\"inLanguage\":\"fr-FR\"}]}<\/script>\n<!-- \/ Yoast SEO plugin. -->","yoast_head_json":{"title":"Accueil - NovalgoServices","description":"D\u00e9couvrez les solutions innovantes de Novlagos, sp\u00e9cialiste en d\u00e9veloppement d'applications sur mesure et consulting strat\u00e9gique. Explorez notre plateforme e-commerce con\u00e7ue sp\u00e9cialement pour les fast-foods. Boostez votre efficacit\u00e9 op\u00e9rationnelle et am\u00e9liorez l'exp\u00e9rience de vos clients avec nos services personnalis\u00e9s.","robots":{"index":"index","follow":"follow","max-snippet":"max-snippet:-1","max-image-preview":"max-image-preview:large","max-video-preview":"max-video-preview:-1"},"canonical":"https:\/\/novalgos.com\/","og_locale":"fr_FR","og_type":"article","og_title":"Accueil - NovalgoServices","og_description":"D\u00e9couvrez les solutions innovantes de Novlagos, sp\u00e9cialiste en d\u00e9veloppement d'applications sur mesure et consulting strat\u00e9gique. Explorez notre plateforme e-commerce con\u00e7ue sp\u00e9cialement pour les fast-foods. Boostez votre efficacit\u00e9 op\u00e9rationnelle et am\u00e9liorez l'exp\u00e9rience de vos clients avec nos services personnalis\u00e9s.","og_url":"https:\/\/novalgos.com\/","og_site_name":"NovalgoServices","article_modified_time":"2024-10-19T09:15:13+00:00","twitter_card":"summary_large_image","twitter_misc":{"Dur\u00e9e de lecture estim\u00e9e":"4 minutes"},"schema":{"@context":"https:\/\/schema.org","@graph":[{"@type":"WebPage","@id":"https:\/\/novalgos.com\/","url":"https:\/\/novalgos.com\/","name":"Accueil - NovalgoServices","isPartOf":{"@id":"https:\/\/novalgos.com\/#website"},"primaryImageOfPage":{"@id":"https:\/\/novalgos.com\/#primaryimage"},"image":{"@id":"https:\/\/novalgos.com\/#primaryimage"},"thumbnailUrl":"https:\/\/novalgos.com\/wp-content\/themes\/astra\/inc\/assets\/images\/starter-content\/hero-img.svg","datePublished":"2024-02-12T11:55:54+00:00","dateModified":"2024-10-19T09:15:13+00:00","description":"D\u00e9couvrez les solutions innovantes de Novlagos, sp\u00e9cialiste en d\u00e9veloppement d'applications sur mesure et consulting strat\u00e9gique. Explorez notre plateforme e-commerce con\u00e7ue sp\u00e9cialement pour les fast-foods. Boostez votre efficacit\u00e9 op\u00e9rationnelle et am\u00e9liorez l'exp\u00e9rience de vos clients avec nos services personnalis\u00e9s.","breadcrumb":{"@id":"https:\/\/novalgos.com\/#breadcrumb"},"inLanguage":"fr-FR","potentialAction":[{"@type":"ReadAction","target":["https:\/\/novalgos.com\/"]}]},{"@type":"ImageObject","inLanguage":"fr-FR","@id":"https:\/\/novalgos.com\/#primaryimage","url":"","contentUrl":""},{"@type":"BreadcrumbList","@id":"https:\/\/novalgos.com\/#breadcrumb","itemListElement":[{"@type":"ListItem","position":1,"name":"Home","item":"https:\/\/novalgos.com\/"},{"@type":"ListItem","position":2,"name":"Contactez nous","item":"https:\/\/novalgos.com\/index.php\/contact\/"},{"@type":"ListItem","position":3,"name":"Accueil"}]},{"@type":"WebSite","@id":"https:\/\/novalgos.com\/#website","url":"https:\/\/novalgos.com\/","name":"NovalgoServices","description":"C&#039;est l&#039;originalit\u00e9 qui fait la diff\u00e9rence","potentialAction":[{"@type":"SearchAction","target":{"@type":"EntryPoint","urlTemplate":"https:\/\/novalgos.com\/?s={search_term_string}"},"query-input":{"@type":"PropertyValueSpecification","valueRequired":true,"valueName":"search_term_string"}}],"inLanguage":"fr-FR"}]}},"jetpack_sharing_enabled":true,"uagb_featured_image_src":{"full":false,"thumbnail":false,"medium":false,"medium_large":false,"large":false,"1536x1536":false,"2048x2048":false,"woocommerce_thumbnail":false,"woocommerce_single":false,"woocommerce_gallery_thumbnail":false},"uagb_author_info":{"display_name":"admin3422","author_link":"https:\/\/novalgos.com\/index.php\/author\/admin3422\/"},"uagb_comment_info":0,"uagb_excerpt":"Nos produits NimblEat R\u00e9volutionnez votre service de restauration avec notre solution e-commerce innovante, sp\u00e9cialement con\u00e7ue pour faciliter la prise de [&hellip;]","_links":{"self":[{"href":"https:\/\/novalgos.com\/index.php\/wp-json\/wp\/v2\/pages\/17","targetHints":{"allow":["GET"]}}],"collection":[{"href":"https:\/\/novalgos.com\/index.php\/wp-json\/wp\/v2\/pages"}],"about":[{"href":"https:\/\/novalgos.com\/index.php\/wp-json\/wp\/v2\/types\/page"}],"author":[{"embeddable":true,"href":"https:\/\/novalgos.com\/index.php\/wp-json\/wp\/v2\/users\/1"}],"replies":[{"embeddable":true,"href":"https:\/\/novalgos.com\/index.php\/wp-json\/wp\/v2\/comments?post=17"}],"version-history":[{"count":18,"href":"https:\/\/novalgos.com\/index.php\/wp-json\/wp\/v2\/pages\/17\/revisions"}],"predecessor-version":[{"id":189,"href":"https:\/\/novalgos.com\/index.php\/wp-json\/wp\/v2\/pages\/17\/revisions\/189"}],"up":[{"embeddable":true,"href":"https:\/\/novalgos.com\/index.php\/wp-json\/wp\/v2\/pages\/2"}],"wp:attachment":[{"href":"https:\/\/novalgos.com\/index.php\/wp-json\/wp\/v2\/media?parent=17"}],"curies":[{"name":"wp","href":"https:\/\/api.w.org\/{rel}","templated":true}]}}